est common factor of j and x?
7
Let u be 2/2 + (-2472)/(-8). Suppose 90 + u = 2*i. Calculate the highest common divisor of i and 20.
20
Suppose -8*z + 4*z + 52 = 0. Let a = 32 - z. Calculate the highest common divisor of a and 76.
19
Let b(x) = 2*x - 3. Let s be b(2). Let u be 12*(s - (-2)/(-4)). Calculate the greatest common factor of 12 and u.
6
Let s = -13 - -13. Let j be s - -3*4/6. What is the greatest common factor of 8 and j?
2
Suppose z = 5*a - 65 - 106, 5*z + 2*a = -747. Let i = z - -228. Calculate the highest common factor of 7 and i.
7
Suppose 12*u + 204 = 16*u. Calculate the greatest common factor of u and 34.
17
Let f = -85 + 125. Calculate the highest common factor of 16 and f.
8
Let p be (-200)/(-5 + 1) + 4. Calculate the greatest common divisor of 18 and p.
18
Let b = 9 + 4. Let p(l) = -2*l**3 - l**2 - 2*l - 3. Suppose g = -2*g - 6. Let d be p(g). What is the greatest common divisor of d and b?
13
Let o = 36 + -23. Let b = o - 10. Calculate the greatest common divisor of 1 and b.
1
Suppose -2*k = 5*k - 98. What is the greatest common factor of k and 154?
14
Suppose 0 = -0*h + 2*h. Let q = -2 - -2. Let g be -1*(q + h) - -15. Calculate the greatest common divisor of g and 6.
3
Suppose -2*z + g + 1278 = -g, -2*z + g = -1279. Suppose -10*a + z = -5*a. Calculate the greatest common factor of a and 16.
16
Let t be (10/12)/(4/24). Suppose 0*f - 4*f = -40. What is the greatest common divisor of t and f?
5
Suppose 4*i - 1 = -3*d + 14, -i - 25 = -5*d. Suppose 4*a - 50 = -n - n, 13 = 2*a + d*n. Calculate the highest common divisor of 35 and a.
7
Let i(y) be the second derivative of 1/12*y**4 - 2/3*y**3 + 0 + 2*y + 3/2*y**2. Let d be i(7). Calculate the highest common factor of 6 and d.
6
Let u(b) = b**2 + b**2 + 0*b**2 + 0*b**2 - 4*b + 7. Let m be u(7). What is the highest common divisor of 11 and m?
11
Suppose 2*g + g = -2*w + 90, -2*w + 94 = 5*g. Let m = 18 - 12. Calculate the greatest common factor of w and m.
6
Let g(y) = y**3 - 9*y**2 + 5*y - 15. Let t be g(9). Calculate the greatest common factor of t and 12.
6
Let k(a) = -a**3 - 13*a**2 - 12*a + 9. Let w be k(-12). Calculate the highest common divisor of 9 and w.
9
Let a be 20/(-6)*(-9)/6. Suppose a*l - 11 = -3*u, -5*l + 2 = -3*u + 3. Calculate the greatest common factor of u and 8.
2
Let h be 10/(-20) + 42/(-4). Let s be (2/6)/(h/(-825)). Calculate the highest common divisor of 10 and s.
5
Suppose 4*q - 96 = -0. Suppose -3*o + 33 = 5*j, o + 2*j + j - 15 = 0. Calculate the greatest common factor of o and q.
6
Let g(l) = 2*l**2 + 6*l + 9. Let n be g(-2). What is the highest common factor of n and 45?
5
Let a = -1 + -2. Let w be a/(-15) - (-34)/5. Let p = -3 + w. What is the highest common factor of p and 1?
1
Suppose -3*f = -5*b - 60, -f - b + 11 + 9 = 0. Calculate the highest common divisor of f and 50.
10
Let s be 2/3*78/(-4). Let d = s + 19. Calculate the highest common divisor of d and 6.
6
Let l(f) = -f**2 - 11*f + 4. Let b be l(-8). What is the greatest common divisor of 70 and b?
14
Let f be 2*(4 - (6 - 3)). Let u be f/4 + 27/2. Suppose -3*s + 77 = u. What is the highest common divisor of 7 and s?
7
Let j be 0 + (341 + 1 - -3). Suppose -3*v + j = 75. Calculate the highest common factor of 18 and v.
18
Let c be (12/(-15))/((-8)/380). Suppose -4*f = -4*g - 84, g + 2*f + c = -2*g. Let h = g + 31. What is the greatest common divisor of h and 30?
15
Suppose -201 = 9*t - 6*t. Let x = 121 + t. Suppose 0 = -5*l - o + 28, -5*o + 29 - 9 = 5*l. Calculate the highest common divisor of x and l.
6
Let v(c) = 2*c + 2 + 0 - 3*c - c. Let k be v(-2). What is the highest common factor of 4 and k?
2
Let k be (11/(-3))/((-10)/330). Calculate the highest common factor of k and 11.
11
Suppose -4*b - 14 = -6. Let a be -1 - (b - (-1 - -4)). Let z(g) = -g**3 + 8*g**2 - 2*g - 3. Let m be z(7). What is the greatest common divisor of a and m?
4
Let w(r) = -5*r - 31*r - 18*r - 2*r. Let t be w(-1). What is the greatest common divisor of 7 and t?
7
Suppose -11 - 51 = -2*d. Let w = -18 + d. What is the highest common divisor of w and 39?
13
Suppose 2*p = -2*r - 8, 5*p - r - 10 = -0*p. Let a be p - (3 + -4 - 0). Suppose a*x - 3*x = -10. Calculate the greatest common divisor of 70 and x.
10
Let b = -31 - -13. Let q = 0 - b. Suppose -12 + 18 = c. What is the highest common divisor of c and q?
6
Let i(m) = -m**3 - 15*m**2 - 16*m - 16. Let v be i(-14). What is the greatest common factor of 120 and v?
12
Let m = -1 + -2. Let h(w) = 5*w**2 + 2*w - 3. Let i be h(m). Let d = 22 + -13. Calculate the greatest common factor of i and d.
9
Let o(f) = 22*f**2 + 2*f. Let z be o(2). Suppose 0 = -t + z + 8. Suppose 5*i - t = -5*w, -5*i = w - 45 - 63. Calculate the greatest common factor of i and 11.
11
Let g = 76 + -38. Let v be -1 + -1 + (7 - 2). Suppose 0 = -v*m + 2*m + 95. What is the greatest common divisor of g and m?
19
Let r be (3/5)/((-1)/(-5)). Calculate the highest common divisor of 6 and r.
3
Let h(d) = 6*d + 2. Let b be h(4). Suppose 5*s - 3*s = b. What is the greatest common divisor of s and 13?
13
Let q be (-1 + -2)/3*-24. Let k be 1*6*(0 - -1). Calculate the greatest common factor of k and q.
6
Let q = 12 - 11. Calculate the highest common factor of q and 2.
1
Let y be 0/2 + 3 + 34. Suppose 4*u - y = 67. Calculate the greatest common divisor of 65 and u.
13
Let i = -6 + 5. Let p(x) = -15*x + 1. Let a be p(i). Let c = -9 - -17. Calculate the greatest common factor of a and c.
8
Suppose -2*o + 3*a = -27, 2*o + 3*a - 4 - 5 = 0. Calculate the highest common divisor of o and 9.
9
Let f be (-14)/3 - (-2)/3. Let p be (-17)/(-2) + f/(-8). What is the highest common factor of p and 9?
9
Suppose 0 = 3*b - 7 + 1. Suppose 47 = 3*z + 191. Let j be b/7 + z/(-28). What is the highest common divisor of 2 and j?
2
Let y be ((-74)/8)/(-3 - 175/(-60)). What is the greatest common factor of y and 148?
37
Suppose -2*b + 7*b = -3*k + 191, -3*k - 169 = -4*b. Let d be (-1510)/(-25) - (-2)/(-5). What is the highest common factor of d and b?
20
Let l(c) = 27*c**2 - 1. Let i be l(3). What is the highest common divisor of 22 and i?
22
Let t be -30*(-3 - -1 - 2). What is the greatest common factor of 15 and t?
15
Suppose 20*t = 18*t + 150. Calculate the greatest common factor of t and 15.
15
Let r(c) = -5*c - 2. Let j be r(-1). What is the greatest common divisor of j and 21?
3
Let t(p) = p**3 + p**2 + 2. Suppose -4*s + 5*s = 0. Let k be t(s). Let b(o) = o**2 - 2*o + 2. Let z be b(k). What is the greatest common factor of z and 16?
2
Let q = 40 + 51. What is the greatest common divisor of 7 and q?
7
Let n(f) = f**2 + 2*f - 4. Let c be n(-3). Let s = 1 + c. Suppose s = v - 10. What is the highest common divisor of v and 25?
5
Suppose 0 = -5*k + 32 + 108. Calculate the greatest common factor of k and 28.
28
Let v(l) = -6*l + 3. Let a be v(-6). What is the highest common divisor of 26 and a?
13
Let q = -11 + 15. Suppose 4*u = 40 + q. Let c(s) = -2*s - 1. Let a be c(-6). What is the highest common factor of a and u?
11
Suppose n + 4*a - 23 = 57, -5*a = -n + 125. What is the greatest common divisor of 80 and n?
20
Let c(i) = 2*i**3. Let a be c(1). Suppose -a*d + 20 = -0*d. Calculate the greatest common divisor of 70 and d.
10
Let s be (-3)/2 + 99/22. Suppose 0*k - 2*d + 5 = 3*k, -4*k + 22 = -5*d. Calculate the highest common divisor of k and s.
3
Let b = -14 + 26. What is the highest common factor of b and 84?
12
Let t(u) = u + 12. Let f be t(6). What is the greatest common divisor of 54 and f?
18
Let q = -3 + 4. Let f(a) = 5*a**2 - a + 1. Let r be f(q). Suppose -m = 4*p + 12, r*m - 12 = 3*m + p. What is the greatest common divisor of 8 and m?
4
Let h(y) = -4*y + 5 + 7 + 2*y + 3*y + y**3. Let u be h(0). Calculate the greatest common divisor of u and 108.
12
Let m(n) = 2*n**2 - 2*n. Let b be m(2). Let z(c) = b*c**2 + 2*c - 2 - c**2 - 2*c**2 - 3*c. Let o be z(-3). What is the greatest common factor of 80 and o?
10
Let a(h) = h**2 - 4*h + 7. Let m be a(5). Suppose 28*u = 27*u + 84. What is the highest common divisor of u and m?
12
Suppose 2*o - 5*o = 12, 0 = 3*s + 5*o + 14. What is the highest common divisor of 2 and s?
2
Let r = 120 + -1. Let n(z) = -z**2 + 8*z + 10. Let t be n(7). What is the greatest common factor of r and t?
17
Suppose 4*